{"id":5538,"date":"2019-02-24T06:00:08","date_gmt":"2019-02-24T06:00:08","guid":{"rendered":"http:\/\/ninzio.com\/bauer\/?post_type=product&#038;p=5538"},"modified":"2025-04-18T20:16:25","modified_gmt":"2025-04-18T23:16:25","slug":"adaptador-storz-212-11ff-femea","status":"publish","type":"product","link":"https:\/\/parinmetais.com.br\/site\/product\/adaptador-storz-212-11ff-femea\/","title":{"rendered":"Adaptador Storz 2.1\/2 x 2.1\/2  11 FIOS BSP &#8211; f\u00eamea"},"content":{"rendered":"<div class=\"woocommerce-Tabs-panel woocommerce-Tabs-panel--description panel entry-content wc-tab\" id=\"tab-description\" role=\"tabpanel\" aria-labelledby=\"tab-title-description\">\n<p>A linha de Adaptadores Storz da Parin \u00e9 destinada \u00e0 adequa\u00e7\u00e3o de v\u00e1lvulas para conex\u00e3o de mangueiras de inc\u00eandio. Os adaptadores Storz de 1.1\/2\u2033 s\u00e3o fabricados de acordo com as normas NBR 14349 e 16021 e dispon\u00edveis com sa\u00eddas de 1.1\/2\u201d e 2.1\/2\u201d.<\/p>\n<h6><strong>Downloads:<\/strong> <a href=\"http:\/\/parinmetais.com.br\/site\/wp-content\/uploads\/2019\/02\/Adap_212_11fios_femea-1.pdf\" target=\"_blank\" rel=\"noopener\">Datasheet<\/a><\/h6>\n<h6><a href=\"https:\/\/wa.me\/5511942552341\" target=\"_blank\" rel=\"noopener\"><strong>Clique aqui para solicitar or\u00e7amento<\/strong><\/a><\/h6>\n<\/div>\n","protected":false},"excerpt":{"rendered":"<div class=\"woocommerce-product-details__short-description\">\n<div class=\"woocommerce-product-details__short-description\">\n<p>A linha de Adaptadores Storz da Parin \u00e9 destinada \u00e0 adequa\u00e7\u00e3o de v\u00e1lvulas para conex\u00e3o de mangueiras de inc\u00eandio. Os adaptadores Storz de 1.1\/2\u2033 s\u00e3o fabricados de acordo com as normas NBR 14349 e 16021 e dispon\u00edveis com sa\u00eddas de 1.1\/2\u201d e 2.1\/2\u201d.<\/p>\n<h6><strong>Downloads:<\/strong> <a href=\"http:\/\/parinmetais.com.br\/site\/wp-content\/uploads\/2019\/02\/Adap_212_11fios_femea-1.pdf\" target=\"_blank\" rel=\"noopener\">Datasheet<\/a><\/h6>\n<h6><a href=\"https:\/\/wa.me\/5511942552341\" target=\"_blank\" rel=\"noopener\"><strong>Clique aqui para solicitar or\u00e7amento<\/strong><\/a><\/h6>\n<\/div>\n<\/div>\n","protected":false},"featured_media":10235,"comment_status":"open","ping_status":"closed","template":"","meta":{"_monsterinsights_skip_tracking":false,"_monsterinsights_sitenote_active":false,"_monsterinsights_sitenote_note":"","_monsterinsights_sitenote_category":0,"_joinchat":[]},"product_cat":[56],"product_tag":[],"class_list":["post-5538","product","type-product","status-publish","has-post-thumbnail","hentry","product_cat-adaptadores"],"aioseo_notices":[],"jetpack_sharing_enabled":true,"_links":{"self":[{"href":"https:\/\/parinmetais.com.br\/site\/wp-json\/wp\/v2\/product\/5538","targetHints":{"allow":["GET"]}}],"collection":[{"href":"https:\/\/parinmetais.com.br\/site\/wp-json\/wp\/v2\/product"}],"about":[{"href":"https:\/\/parinmetais.com.br\/site\/wp-json\/wp\/v2\/types\/product"}],"replies":[{"embeddable":true,"href":"https:\/\/parinmetais.com.br\/site\/wp-json\/wp\/v2\/comments?post=5538"}],"version-history":[{"count":8,"href":"https:\/\/parinmetais.com.br\/site\/wp-json\/wp\/v2\/product\/5538\/revisions"}],"predecessor-version":[{"id":10236,"href":"https:\/\/parinmetais.com.br\/site\/wp-json\/wp\/v2\/product\/5538\/revisions\/10236"}],"wp:featuredmedia":[{"embeddable":true,"href":"https:\/\/parinmetais.com.br\/site\/wp-json\/wp\/v2\/media\/10235"}],"wp:attachment":[{"href":"https:\/\/parinmetais.com.br\/site\/wp-json\/wp\/v2\/media?parent=5538"}],"wp:term":[{"taxonomy":"product_cat","embeddable":true,"href":"https:\/\/parinmetais.com.br\/site\/wp-json\/wp\/v2\/product_cat?post=5538"},{"taxonomy":"product_tag","embeddable":true,"href":"https:\/\/parinmetais.com.br\/site\/wp-json\/wp\/v2\/product_tag?post=5538"}],"curies":[{"name":"wp","href":"https:\/\/api.w.org\/{rel}","templated":true}]}}