{"id":9530,"date":"2023-12-27T10:30:18","date_gmt":"2023-12-27T13:30:18","guid":{"rendered":"http:\/\/parinmetais.com.br\/site\/?post_type=product&#038;p=9530"},"modified":"2025-04-18T19:36:55","modified_gmt":"2025-04-18T22:36:55","slug":"tampao-storz-2-1-2-com-corrente-latao","status":"publish","type":"product","link":"https:\/\/parinmetais.com.br\/site\/product\/tampao-storz-2-1-2-com-corrente-latao\/","title":{"rendered":"Tamp\u00e3o Fixo Storz 2.1\/2&#8243; com Corrente &#8211; Lat\u00e3o"},"content":{"rendered":"<div class=\"woocommerce-product-details__short-description\">\n<div class=\"woocommerce-product-details__short-description\">\n<p>O <strong>Tamp\u00e3o Fixo Storz Cego com Corrente<\/strong> \u00e9 utilizado para fechamento de conex\u00f5es Storz em sistemas de combate a inc\u00eandios, prevenindo a entrada de sujeira e garantindo a estanqueidade do sistema.<\/p>\n<h6><strong>Downloads:<\/strong> <a href=\"http:\/\/parinmetais.com.br\/site\/wp-content\/uploads\/2023\/12\/Tampao_212-latao.pdf\" target=\"_blank\" rel=\"noopener\">Datasheet<\/a><\/h6>\n<h6><a href=\"https:\/\/wa.me\/5511942552341\" target=\"_blank\" rel=\"noopener\"><strong>Clique aqui para solicitar or\u00e7amento<\/strong><\/a><\/h6>\n<\/div>\n<\/div>\n","protected":false},"excerpt":{"rendered":"<div class=\"woocommerce-product-details__short-description\">\n<div class=\"woocommerce-product-details__short-description\">\n<p>O <strong>Tamp\u00e3o Fixo Storz Cego com Corrente<\/strong> \u00e9 utilizado para fechamento de conex\u00f5es Storz em sistemas de combate a inc\u00eandios, prevenindo a entrada de sujeira e garantindo a estanqueidade do sistema.<\/p>\n<h6><strong>Downloads:<\/strong> <a href=\"http:\/\/parinmetais.com.br\/site\/wp-content\/uploads\/2023\/12\/Tampao_212-latao.pdf\" target=\"_blank\" rel=\"noopener\">Datasheet<\/a><\/h6>\n<h6><a href=\"https:\/\/wa.me\/5511942552341\" target=\"_blank\" rel=\"noopener\"><strong>Clique aqui para solicitar or\u00e7amento<\/strong><\/a><\/h6>\n<p><a href=\"https:\/\/wa.me\/5511942552341\" target=\"_blank\" rel=\"noopener\"><strong><\/strong><\/a><\/p>\n<h6><a href=\"https:\/\/wa.me\/5511942552341\" target=\"_blank\" rel=\"noopener\"><strong><\/strong><\/a><\/h6>\n<\/div>\n<\/div>\n","protected":false},"featured_media":10197,"comment_status":"open","ping_status":"closed","template":"","meta":{"_monsterinsights_skip_tracking":false,"_monsterinsights_sitenote_active":false,"_monsterinsights_sitenote_note":"","_monsterinsights_sitenote_category":0,"_joinchat":[]},"product_cat":[34],"product_tag":[],"class_list":["post-9530","product","type-product","status-publish","has-post-thumbnail","hentry","product_cat-tampoes"],"aioseo_notices":[],"jetpack_sharing_enabled":true,"_links":{"self":[{"href":"https:\/\/parinmetais.com.br\/site\/wp-json\/wp\/v2\/product\/9530","targetHints":{"allow":["GET"]}}],"collection":[{"href":"https:\/\/parinmetais.com.br\/site\/wp-json\/wp\/v2\/product"}],"about":[{"href":"https:\/\/parinmetais.com.br\/site\/wp-json\/wp\/v2\/types\/product"}],"replies":[{"embeddable":true,"href":"https:\/\/parinmetais.com.br\/site\/wp-json\/wp\/v2\/comments?post=9530"}],"version-history":[{"count":8,"href":"https:\/\/parinmetais.com.br\/site\/wp-json\/wp\/v2\/product\/9530\/revisions"}],"predecessor-version":[{"id":10198,"href":"https:\/\/parinmetais.com.br\/site\/wp-json\/wp\/v2\/product\/9530\/revisions\/10198"}],"wp:featuredmedia":[{"embeddable":true,"href":"https:\/\/parinmetais.com.br\/site\/wp-json\/wp\/v2\/media\/10197"}],"wp:attachment":[{"href":"https:\/\/parinmetais.com.br\/site\/wp-json\/wp\/v2\/media?parent=9530"}],"wp:term":[{"taxonomy":"product_cat","embeddable":true,"href":"https:\/\/parinmetais.com.br\/site\/wp-json\/wp\/v2\/product_cat?post=9530"},{"taxonomy":"product_tag","embeddable":true,"href":"https:\/\/parinmetais.com.br\/site\/wp-json\/wp\/v2\/product_tag?post=9530"}],"curies":[{"name":"wp","href":"https:\/\/api.w.org\/{rel}","templated":true}]}}