{"id":9784,"date":"2024-10-11T10:27:09","date_gmt":"2024-10-11T13:27:09","guid":{"rendered":"http:\/\/parinmetais.com.br\/site\/?post_type=product&#038;p=9784"},"modified":"2025-04-18T18:53:39","modified_gmt":"2025-04-18T21:53:39","slug":"cod-13589-adaptador-storz-2-1-2-x-2-1-2-5fpp-aluminio","status":"publish","type":"product","link":"https:\/\/parinmetais.com.br\/site\/product\/cod-13589-adaptador-storz-2-1-2-x-2-1-2-5fpp-aluminio\/","title":{"rendered":"Adaptador Storz 2.1.2&#8243; x 2.1\/2\u2019\u2019 5FPP Alum\u00ednio"},"content":{"rendered":"<p>O adaptador Storz \u00e9 utilizado para conex\u00e3o r\u00e1pida e segura de mangueiras e equipamentos de combate a inc\u00eandio. Fabricado em lat\u00e3o, este adaptador oferece alta durabilidade e resist\u00eancia \u00e0 corros\u00e3o, sendo ideal para aplica\u00e7\u00f5es em sistemas de hidrantes e redes de inc\u00eandio.<\/p>\n<h6><strong>Downloads:<\/strong> <a href=\"http:\/\/parinmetais.com.br\/site\/wp-content\/uploads\/2024\/10\/Adaptador_Storz_Aluminio_212.pdf\" target=\"_blank\" rel=\"noopener\">Datasheet<\/a><\/h6>\n<h6><a href=\"https:\/\/wa.me\/5511942552341\" target=\"_blank\" rel=\"noopener\"><strong>Clique aqui para solicitar or\u00e7amento<\/strong><\/a><\/h6>\n","protected":false},"excerpt":{"rendered":"<p>O adaptador Storz \u00e9 utilizado para conex\u00e3o r\u00e1pida e segura de mangueiras e equipamentos de combate a inc\u00eandio. Fabricado em lat\u00e3o, este adaptador oferece alta durabilidade e resist\u00eancia \u00e0 corros\u00e3o, sendo ideal para aplica\u00e7\u00f5es em sistemas de hidrantes e redes de inc\u00eandio.<\/p>\n<h6><strong>Downloads:<\/strong> <a href=\"http:\/\/parinmetais.com.br\/site\/wp-content\/uploads\/2024\/10\/Adaptador_Storz_Aluminio_212.pdf\" target=\"_blank\" rel=\"noopener\">Datasheet<\/a><\/h6>\n<h6><a href=\"https:\/\/wa.me\/5511942552341\" target=\"_blank\" rel=\"noopener\"><strong>Clique aqui para solicitar or\u00e7amento<\/strong><\/a><\/h6>\n","protected":false},"featured_media":10158,"comment_status":"open","ping_status":"closed","template":"","meta":{"_monsterinsights_skip_tracking":false,"_monsterinsights_sitenote_active":false,"_monsterinsights_sitenote_note":"","_monsterinsights_sitenote_category":0,"_joinchat":[]},"product_cat":[56],"product_tag":[],"class_list":["post-9784","product","type-product","status-publish","has-post-thumbnail","hentry","product_cat-adaptadores"],"aioseo_notices":[],"jetpack_sharing_enabled":true,"_links":{"self":[{"href":"https:\/\/parinmetais.com.br\/site\/wp-json\/wp\/v2\/product\/9784","targetHints":{"allow":["GET"]}}],"collection":[{"href":"https:\/\/parinmetais.com.br\/site\/wp-json\/wp\/v2\/product"}],"about":[{"href":"https:\/\/parinmetais.com.br\/site\/wp-json\/wp\/v2\/types\/product"}],"replies":[{"embeddable":true,"href":"https:\/\/parinmetais.com.br\/site\/wp-json\/wp\/v2\/comments?post=9784"}],"version-history":[{"count":4,"href":"https:\/\/parinmetais.com.br\/site\/wp-json\/wp\/v2\/product\/9784\/revisions"}],"predecessor-version":[{"id":10159,"href":"https:\/\/parinmetais.com.br\/site\/wp-json\/wp\/v2\/product\/9784\/revisions\/10159"}],"wp:featuredmedia":[{"embeddable":true,"href":"https:\/\/parinmetais.com.br\/site\/wp-json\/wp\/v2\/media\/10158"}],"wp:attachment":[{"href":"https:\/\/parinmetais.com.br\/site\/wp-json\/wp\/v2\/media?parent=9784"}],"wp:term":[{"taxonomy":"product_cat","embeddable":true,"href":"https:\/\/parinmetais.com.br\/site\/wp-json\/wp\/v2\/product_cat?post=9784"},{"taxonomy":"product_tag","embeddable":true,"href":"https:\/\/parinmetais.com.br\/site\/wp-json\/wp\/v2\/product_tag?post=9784"}],"curies":[{"name":"wp","href":"https:\/\/api.w.org\/{rel}","templated":true}]}}